- -7) + -40 + 24?
-11
18 - (12 - -10 - 16)
12
16 - (-8 + (11 - (13 + -6)) + 5)
15
(202 - 247) + 22 + 0
-23
Calculate -1 + 25 + -15 - (1 + 22).
-14
What is 12 + -3 + -5 + 3 + 3 + 8?
18
13 - (-1 - (0 + 10 + (-24 - -3)))
3
What is the value of (2 + 0 - -1) + -2 - -7?
8
Calculate (3 - 2 - (7 - 5)) + (-1 - 0).
-2
Evaluate (-5 - (-3 - -3)) + 3.
-2
Calculate (10 - -2) + (-1 - 13).
-2
What is -4 - (-10 - 19 - -9 - (3 - -5))?
24
What is the value of (-1 - -27) + 292 + -306?
12
-271 - -254 - (0 - -4) - 11
-32
Evaluate 7 + (-10 - (-3 + 1)) + (54 - 42).
11
Evaluate -31 + (23 - ((11 - -8) + -13)).
-14
27 + -7 + 15 + -24
11
Calculate 14 + (-11 - 7) + 4 + -10 + -1.
-11
Calculate -11 + 13 + -3 - (1 + -1).
-1
What is 22 + (1 - 1) + -271 + 258?
9
Evaluate -8 - -17 - (8 + -21 - -13).
9
What is 104 + -100 + (0 - 33) + 3?
-26
What is (2 - (-24 - 4)) + -59?
-29
What is the value of -18 + (51 - 53 - (2 + (3 - -2)))?
-27
Evaluate 5 + -23 + -1 - -11.
-8
What is -7 - (-7 - (-36 + 38))?
2
What is the value of 18 - ((0 + -3 - 3) + -6)?
30
Evaluate -5 + -2 - (7 + (-7 - -10)).
-17
Calculate (0 - -37 - 1 - 9) + -10.
17
What is the value of 7 + (16 - (15 - (-39 - -5)))?
-26
(2 - 12) + 1 + (19 - 15) - 10
-15
Evaluate 7 - (-37 - -21 - -33).
-10
Calculate (0 - (-3 - -11)) + (-16 - (-5 + -7)).
-12
13 + -43 - -14 - (-5 - -1)
-12
(2 + 24 - 17) + -6
3
What is (-41 - -32) + 3 + 1 + -1?
-6
What is (-15 - (11 - 26)) + -2 - 14?
-16
-19 + 0 - (-29 + 19) - -3
-6
What is the value of -4 + -18 - (-69 - -59)?
-12
What is the value of -24 + (30 - 15) + -13?
-22
What is (1 + 11 + -9 - -5) + 5?
13
Calculate (36 - (10 + -15)) + -24.
17
What is the value of 0 + 38 - (526 + -504)?
16
Evaluate 14 - (-10 - -8 - -3 - 6 - -6).
13
-7 + (-4 - 2) + (14 - 11)
-10
Evaluate 2 + -2 - -33 - (156 + -152).
29
What is -20 + 18 - (-12 + 9)?
1
Calculate 21 - 4 - (2 + (1 - -10)).
4
Calculate (4 - 15) + (-58 - -81).
12
What is -7 + 0 + (6 - (-4 + 11 + -8))?
0
Evaluate 2 + (1 - -21) - (-14 - (-28 - -9)).
19
What is (-13 - -8) + (8 - (-3 - 0))?
6
Calculate 17 - (-87 + 43 + 66).
-5
What is -2 - -6 - (17 - 30 - -28)?
-11
What is the value of (-13 - ((-9 - 0) + -6)) + 8?
10
What is the value of 28 - (35 - 8 - 9)?
10
3 + -41 - (29 - 78)
11
-25 - ((4 - 2) + (1 - (2 - 8)))
-34
What is the value of 0 + -23 + (-46 - -65) + -18?
-22
What is 2 - (6 - (41 - 12))?
25
Calculate -3 - 13 - (-85 + 34 + 32).
3
What is 17 + (22 + -34 - -12)?
17
-9 + 112 + -118 + (0 - -10)
-5
Calculate (4 - 3) + -10 - (-54 - -33).
12
What is the value of -12 + -1 + 3 - (1 - 13)?
2
What is the value of 7 + -7 - (-2 + (-5 - -11))?
-4
What is the value of -4 + (44 - 4) + -19?
17
What is the value of -4 - -1 - (62 - 68) - 15?
-12
-1 + (-5 - -1 - (-13 + 5 + 7))
-4
Calculate 3 - (-14 - -13) - (1 + 3 + 3).
-3
Calculate -6 + -17 + 10 + 5.
-8
What is the value of 10 - 14 - (5 + -1 + -2 - 2)?
-4
What is the value of (-12 - (-6 + -17)) + -11 + (-2 - 0)?
-2
Evaluate 22 + -5 + -10 + 1.
8
Calculate 1 - 2 - ((7 - 16) + 16).
-8
What is the value of -26 + (-3 - -3) + (-6 - (-30 - -16))?
-18
What is the value of 8 - (-12 + (8 - (-39 + 8)))?
-19
What is the value of 4 + -5 + -1 + 6?
4
What is the value of -10 - (-6 - (-24 - -28))?
0
What is the value of -7 - (-6 + -2) - (-3 - (-4 - -3))?
3
Calculate (-1 - -25) + 2 - (-74 + 86 - 15).
29
What is (70 - 70) + (-12 - -2)?
-10
Evaluate (-1 - -7) + 13 + -9.
10
Calculate -2 - -1 - ((-6 - -6) + 10 - 15).
4
Calculate -4 - (-10 + 25 - 18).
-1
(0 - 0) + -23 + 2 + 10
-11
Evaluate -8 + (-4 - 4 - -19) - -2.
5
What is 29 + (-4 - (14 - (23 + -4)))?
30
(1 - (7 - (-12 + 6 + 28))) + -5
11
Evaluate -2 + (6 - (13 - (2 + 1))).
-6
Evaluate -31 + 4 - (-8 - (-1 + 4)).
-16
What is the value of (-16 - 13) + 37 - (1 + 13)?
-6
What is the value of (12 + -3 + 9 + -7 - -6) + 12?
29
Evaluate -30 + (-1 - 21) + 28.
-24
16 - (9 - (-17 - -9))
-1
Evaluate (2 - 12 - -14) + -7 - -15.
12
Evaluate (0 - -8) + (40 - 40).
8
What is -23 + 15 + (1 - (7 - (4 - 5)))?
-15
Evaluate (2 - -2 - 7 - -9) + 0.
6
What is the value of 13 - (16 - (0 - -9))?
6
Calculate 23 + -2 + 0 + 2 + -10.
13
What is the value of -272 + 263 + (0 - -18)?
9
Evaluate -15 + (-6 - -21 - 13) - -10.
-3
Calculate -1 + 5 - (11 + -5 - 3).
1
-19 - (13 - (1 + -7 - -32))
-6
What is the value of (11 - 2) + 0 + (1199 - 1242)?
-34
What is the value of 16 + -9 + -8 - 0 - 5?
-6
Evaluate (14 - 27) + -13 + 28.
2
What is the value of -26 - (33 + -29 + -16)?
-14
What is the value of 7 - -1 - (-5 + -8 + (-54 - -77))?
-2
-25 + 1 + -25 + 43
-6
Evaluate (-25 - (-15 - 3)) + 10.
3
29 + -11 + 4 + -5
17
What is the value of -1 - 10 - ((9 - 12) + -4)?
-4
Evaluate 1 + 17 - (-12 + 47 + -40).
23
What is 14 + -3 - (-24 - -57)?
-22
What is the value of 9 - (18 + (-11 - 8)) - (0 - -3)?
7
What is the value of 3 - (4 + 4 - (10 + -36 + 12))?
-19
What is -477 + 458 - (2 + -2 - 9)?
-10
Calculate -11 - (-14 + -11 + 14 - (-9 - -2)).
-7
Evaluate 0 + -1 + 5 + -5 + (-9 - -23).
13
What is 37 + -38 - ((-6 - 2) + -1 + 1)?
7
Evaluate (20 - 12) + 10 + 9 + -3 + -4.
20
Evaluate -5 + 29 - (8 + 5) - 9.
2
What is -7 - -4 - (-1 - (0 + -2 + -1))?
-5
What is 7 + -21 - (6 + -2 + 1 + -1)?
-18
What is (-23 - (-24 + 18)) + 10?
-7
Calculate -5 + 5 + -5 - (3 + -1).
-7
30 + 7 + -21 + -11
5
Evaluate -4 - (3 + (-7 - -3) - -2).
-5
(42 - -1 - 23) + -5
15
What is the value of 240 + -244 - (0 - 10)?
6
What is the value of (4 - (0 - 1)) + (23 - 18 - 20)?
-10
What is -15 - (5 - 3 - (47 + -54))?
-24
-5 + 0 - (-8 + 2)
1
Evaluate -11 + (15 - (6 + 5)) + 14.
7
Calculate 5 + (5 - 16) + 9 - (8 - 0).
-5
What is the value of (26 + -15 - 11 - (1 - -3)) + -1?
-5
What is the value of 5 + -1 + (14 - (28 + -17))?
7
Calculate (-40 - -43) + -3 + -3.
-3
Calculate 19 + 6 + -9 + -29.
-13
What is the value of 3 + 12 - 39 - -18 - 15?
-21
Evaluate -1 + -1 - -8 - (12 - 9).
3
What is 14 + -1 + -26 - -25?
12
Calculate 4 - (0 - 1) - ((-20 - -14) + 2).
9
Calculate -4 - (-13 + 3 - 5) - (-49 + 49).
11
What is (-3 - (-4 + -8)) + 8 + -34?
-17
Evaluate 110 + (158 - 243) - (-2 + (2 - 1)).
26
Calculate (-4 + 10 - -4 - 14) + -11.
-15
Calculate 16 + -12 + 6 - 18.
-8
Calculate (5 - 7) + (8 - (-5 + 2)).
9
Evaluate (-4 - (12 + 18)) + 30.
-4
What is (-49 - -47) + 1 + -6 - 2?
-9
Calculate 4 - (-6 - (1 + (5 - 9) + 5)).
12
What is (-13 - -6) + -3 + 9 - (4 + -19)?
14
What is 4 + 1 + 2 - (-146 + 141)?
12
0 - (1 + 39 + -41)
1
-11 - (-9 - (-1 + 15))
12
What is -4 - ((59 - (0 + 12)) + -19)?
-32
-14 + 7 - 4 - -14
3
What is the value of (-10 - -4) + (2 - -6) + -6 - 2?
-6
Calculate -1 - ((67 - 40) + -39).
11
Evaluate -11 + -10 + 7 - -18.
4
-19 - ((11 - (3 - -1) - -2) + 2)
-30
-20 + (-15 - 0 - -19)
-16
What is the value of 9 + 1 + (-7 - 12) + 5?
-4
Evaluate 2 - 28 - (-9 + (-25 - -19)).
-11
What is the value of 4 - (0 - -6) - (-6 - (-3 - 0))?
1
-15 + 16 + -11 - -11
1
Calculate 1 - ((-6 + 12 - -5) + (23 - 18)).
-15
Calculate (-13 - -25 - 10) + (16 - 6) + -6.
6
What is the value of 57 + -77 + 37 + -18 + 0?
-1
What is the value of 4 + 30 + -89 + 35?
-20
Calculate 16 - (6 + (-33 - -17) - -16).
10
Calculate -13 - -22 - (-2 + -5 + 42).
-26
Calculate -1 - (-4 + (-8 - -13)) - -6.
4
What is the value of (8 - 9 - (-20 - 1)) + -256 + 254?
18
What is the value of -18 + 13 - (-3 + (0 - -1) + 2)?
-5
Evaluate (21 - 39) + -8 + 28.
2
Calculate 474 - 470 - (1 + (21 - -2) + -3).
-17
What is the value of 12 - (-2 - -15 - 5)?
4
Calculate (-13 - -36) + 8 + -26.
5
-15 + -1 + (-10 - 5 - -57)
26
Evaluate 13 + -7 + 0 - (6 - (-3 + -6)).
-9
Evaluate -11 + 4 - (-59 + 63).
-11
Evaluate -9 + -1 - (-47 - (-12 + -13)).
12
What is the value of 32 + (-19 - 33) - -10?
-10
Evaluate 7 - -1 - (-91 - -59 - (-3 - 21)).
16
What is (-7 - -2) + (6 - (7 + 2 + -16))?
8
Calculate 4 + -11 + 14 + -37 - -5.
-25
Evaluate (-20 + -2 - 3) + (-49 - -43).
-31
9 - (6 + (-9 - 1 - (23 - 50)))
-14
Calculate -10 - (0 + 2 - (23 + -19)).
-8
What is the value of 13 + -4 - (33 - 15)?
-9
Evaluate -4 + -12 + 0 + -3 - -51.
32
5 + (-2 + 0 + -4 + 7 - -4)
10
What is -19 - (9 - 11 - 8) - 13?
-22
What is the value of (-9 - 9) + 14 - (-3 + 0 - 1)?
0
What is (-2 - 9) + 15 + -5 + -11?
-12
-152 + 170 - (-2 + 2 - -9)
9
What is the value of 7 + 13 - -1 - 7?
14
23 + -80 + 19 + 24
-14
What is the value of 1 - (-10 + 6) - (-3 - (-2 + 3))?
9
What is the value of 7 - (25 + -54 - -38)?
-2
(17 - ((-